{"id":305,"date":"2019-09-05T16:46:46","date_gmt":"2019-09-05T14:46:46","guid":{"rendered":"https:\/\/www.stfrans.no\/?page_id=305"},"modified":"2024-11-01T20:38:57","modified_gmt":"2024-11-01T19:38:57","slug":"larvik","status":"publish","type":"page","link":"https:\/\/www.stfrans.no\/index.php\/duszpasterstwo-polskie\/parafie\/larvik\/","title":{"rendered":"Larvik"},"content":{"rendered":"\n<div class=\"wp-block-media-text alignwide is-stacked-on-mobile\" style=\"grid-template-columns:37% auto\"><figure class=\"wp-block-media-text__media\"><img fetchpriority=\"high\" decoding=\"async\" width=\"807\" height=\"1024\" src=\"https:\/\/www.stfrans.no\/wp-content\/uploads\/2019\/09\/kirke-807x1024.jpg\" alt=\"\" class=\"wp-image-318 size-full\" srcset=\"https:\/\/www.stfrans.no\/wp-content\/uploads\/2019\/09\/kirke-807x1024.jpg 807w, https:\/\/www.stfrans.no\/wp-content\/uploads\/2019\/09\/kirke-236x300.jpg 236w, https:\/\/www.stfrans.no\/wp-content\/uploads\/2019\/09\/kirke-768x974.jpg 768w\" sizes=\"(max-width: 767px) 89vw, (max-width: 1000px) 54vw, (max-width: 1071px) 543px, 580px\" \/><\/figure><div class=\"wp-block-media-text__content\">\n<h2 class=\"wp-block-heading\">Kontakt<\/h2>\n\n\n\n<p class=\"has-medium-font-size\">Parafia pw. Franciszka z Asy\u017cu w Larvik<\/p>\n\n\n\n<p class=\"has-small-font-size\">larvik@katolsk.no<\/p>\n\n\n\n<p class=\"has-medium-font-size\">Administrator:<br><strong>o. Hallvard Thomas Hole ofm<\/strong><\/p>\n\n\n\n<p>Hallvard.Hole@katolsk.no<br>larvik@katolsk.no<\/p>\n\n\n\n<p>tel. 407 50 153<\/p>\n\n\n\n<p class=\"has-medium-font-size\">Duszpasterz Polak\u00f3w:<br><strong>o. Dolindo Piotr Turek ofm<\/strong><\/p>\n\n\n\n<h2 class=\"wp-block-heading\">Godziny Mszy \u015awi\u0119tych po polsku:  <\/h2>\n\n\n\n<p class=\"has-medium-font-size\"><strong>12.00<\/strong> (1, 2, 4, 5 niedziela)<\/p>\n\n\n\n<p class=\"has-medium-font-size\"><strong>14.00<\/strong> (3 niedziela)  <\/p>\n<\/div><\/div>\n","protected":false},"excerpt":{"rendered":"<p>Kontakt Parafia pw. Franciszka z Asy\u017cu w Larvik larvik@katolsk.no Administrator:o. Hallvard Thomas Hole ofm Hallvard.Hole@katolsk.nolarvik@katolsk.no tel. 407 50 153 Duszpasterz Polak\u00f3w:o. Dolindo Piotr Turek ofm Godziny Mszy \u015awi\u0119tych po polsku: 12.00 (1, 2, 4, 5 niedziela) 14.00 (3 niedziela)<\/p>\n","protected":false},"author":2,"featured_media":0,"parent":357,"menu_order":1,"comment_status":"closed","ping_status":"open","template":"","meta":{"footnotes":""},"class_list":["post-305","page","type-page","status-publish"],"_links":{"self":[{"href":"https:\/\/www.stfrans.no\/index.php\/wp-json\/wp\/v2\/pages\/305","targetHints":{"allow":["GET"]}}],"collection":[{"href":"https:\/\/www.stfrans.no\/index.php\/wp-json\/wp\/v2\/pages"}],"about":[{"href":"https:\/\/www.stfrans.no\/index.php\/wp-json\/wp\/v2\/types\/page"}],"author":[{"embeddable":true,"href":"https:\/\/www.stfrans.no\/index.php\/wp-json\/wp\/v2\/users\/2"}],"replies":[{"embeddable":true,"href":"https:\/\/www.stfrans.no\/index.php\/wp-json\/wp\/v2\/comments?post=305"}],"version-history":[{"count":30,"href":"https:\/\/www.stfrans.no\/index.php\/wp-json\/wp\/v2\/pages\/305\/revisions"}],"predecessor-version":[{"id":9998,"href":"https:\/\/www.stfrans.no\/index.php\/wp-json\/wp\/v2\/pages\/305\/revisions\/9998"}],"up":[{"embeddable":true,"href":"https:\/\/www.stfrans.no\/index.php\/wp-json\/wp\/v2\/pages\/357"}],"wp:attachment":[{"href":"https:\/\/www.stfrans.no\/index.php\/wp-json\/wp\/v2\/media?parent=305"}],"curies":[{"name":"wp","href":"https:\/\/api.w.org\/{rel}","templated":true}]}}